ulate the remainder when 627 is divided by 42.
39
What is the remainder when 912 is divided by 319?
274
Calculate the remainder when 104 is divided by 29.
17
What is the remainder when 10217 is divided by 7?
4
Calculate the remainder when 156 is divided by 27.
21
What is the remainder when 305 is divided by 97?
14
Calculate the remainder when 168 is divided by 24.
0
Calculate the remainder when 1075 is divided by 154.
151
Calculate the remainder when 58 is divided by 44.
14
Calculate the remainder when 1214 is divided by 33.
26
What is the remainder when 1402 is divided by 72?
34
Calculate the remainder when 351 is divided by 67.
16
What is the remainder when 124 is divided by 27?
16
Calculate the remainder when 623 is divided by 24.
23
What is the remainder when 779 is divided by 407?
372
Calculate the remainder when 4481 is divided by 8.
1
Calculate the remainder when 2417 is divided by 84.
65
What is the remainder when 259 is divided by 66?
61
What is the remainder when 627 is divided by 78?
3
Calculate the remainder when 209 is divided by 31.
23
Calculate the remainder when 424 is divided by 27.
19
Calculate the remainder when 1969 is divided by 223.
185
What is the remainder when 619 is divided by 27?
25
Calculate the remainder when 1556 is divided by 104.
100
Calculate the remainder when 104 is divided by 12.
8
Calculate the remainder when 107 is divided by 19.
12
What is the remainder when 198 is divided by 52?
42
Calculate the remainder when 294 is divided by 77.
63
What is the remainder when 244 is divided by 118?
8
What is the remainder when 400 is divided by 157?
86
Calculate the remainder when 267 is divided by 205.
62
What is the remainder when 68127 is divided by 45?
42
Calculate the remainder when 312 is divided by 108.
96
Calculate the remainder when 162 is divided by 36.
18
Calculate the remainder when 446 is divided by 109.
10
What is the remainder when 17628 is divided by 58?
54
What is the remainder when 606 is divided by 5?
1
Calculate the remainder when 383 is divided by 9.
5
Calculate the remainder when 178 is divided by 56.
10
Calculate the remainder when 22 is divided by 12.
10
Calculate the remainder when 826 is divided by 23.
21
What is the remainder when 1619 is divided by 232?
227
Calculate the remainder when 431 is divided by 29.
25
What is the remainder when 33 is divided by 9?
6
Calculate the remainder when 4152 is divided by 2076.
0
Calculate the remainder when 11697 is divided by 130.
127
Calculate the remainder when 229 is divided by 85.
59
What is the remainder when 234 is divided by 48?
42
Calculate the remainder when 204 is divided by 111.
93
Calculate the remainder when 1576 is divided by 1569.
7
What is the remainder when 758 is divided by 198?
164
What is the remainder when 113 is divided by 38?
37
What is the remainder when 561 is divided by 139?
5
What is the remainder when 180 is divided by 42?
12
Calculate the remainder when 906 is divided by 38.
32
What is the remainder when 99 is divided by 33?
0
Calculate the remainder when 60 is divided by 9.
6
What is the remainder when 55104 is divided by 59?
57
Calculate the remainder when 245 is divided by 52.
37
What is the remainder when 2214 is divided by 96?
6
What is the remainder when 1353 is divided by 74?
21
Calculate the remainder when 202 is divided by 61.
19
What is the remainder when 403 is divided by 30?
13
What is the remainder when 2903 is divided by 22?
21
What is the remainder when 13444 is divided by 17?
14
Calculate the remainder when 313 is divided by 15.
13
What is the remainder when 528 is divided by 261?
6
Calculate the remainder when 8623 is divided by 38.
35
Calculate the remainder when 906 is divided by 65.
61
What is the remainder when 591 is divided by 112?
31
What is the remainder when 366 is divided by 34?
26
Calculate the remainder when 667 is divided by 25.
17
Calculate the remainder when 600 is divided by 206.
188
Calculate the remainder when 365 is divided by 23.
20
Calculate the remainder when 89 is divided by 13.
11
What is the remainder when 389 is divided by 99?
92
What is the remainder when 242 is divided by 96?
50
Calculate the remainder when 1341 is divided by 17.
15
Calculate the remainder when 1716 is divided by 53.
20
What is the remainder when 265 is divided by 46?
35
Calculate the remainder when 19 is divided by 7.
5
Calculate the remainder when 16117 is divided by 5372.
1
What is the remainder when 465 is divided by 91?
10
Calculate the remainder when 802 is divided by 216.
154
What is the remainder when 140 is divided by 75?
65
What is the remainder when 43 is divided by 22?
21
What is the remainder when 1433 is divided by 7?
5
Calculate the remainder when 34 is divided by 28.
6
What is the remainder when 213 is divided by 55?
48
What is the remainder when 822 is divided by 25?
22
Calculate the remainder when 688 is divided by 69.
67
What is the remainder when 1139 is divided by 368?
35
What is the remainder when 614 is divided by 15?
14
Calculate the remainder when 81 is divided by 25.
6
What is the remainder when 1924 is divided by 27?
7
Calculate the remainder when 1807 is divided by 81.
25
Calculate the remainder when 1046 is divided by 348.
2
Calculate the remainder when 2685 is divided by 135.
120
Calculate the remainder when 659 is divided by 81.
11
Calculate the remainder when 246 is divided by 4.
2
What is the remainder when 278 is divided by 139?
0
Calculate the remainder when 286 is divided by 32.
30
Calculate the remainder when 148 is divided by 40.
28
Calculate the remainder when 1090 is divided by 122.
114
What is the remainder when 1570 is divided by 352?
162
What is the remainder when 4805 is divided by 83?
74
What is the remainder when 141 is divided by 36?
33
Calculate the remainder when 4598 is divided by 118.
114
What is the remainder when 688 is divided by 375?
313
Calculate the remainder when 324 is divided by 25.
24
Calculate the remainder when 14359 is divided by 8.
7
Calculate the remainder when 1782 is divided by 47.
43
Calculate the remainder when 4229 is divided by 47.
46
Calculate the remainder when 22 is divided by 3.
1
What is the remainder when 483 is divided by 44?
43
What is the remainder when 4098 is divided by 100?
98
Calculate the remainder when 564 is divided by 21.
18
What is the remainder when 349 is divided by 10?
9
What is the remainder when 225 is divided by 117?
108
What is the remainder when 1549 is divided by 72?
37
Calculate the remainder when 3165 is divided by 317.
312
Calculate the remainder when 2170 is divided by 180.
10
Calculate the remainder when 41358 is divided by 55.
53
What is the remainder when 634 is divided by 72?
58
Calculate the remainder when 291 is divided by 271.
20
What is the remainder when 5472 is divided by 5?
2
What is the remainder when 19 is divided by 13?
6
What is the remainder when 679 is divided by 114?
109
What is the remainder when 1111 is divided by 117?
58
Calculate the remainder when 48 is divided by 6.
0
What is the remainder when 8493 is divided by 13?
4
Calculate the remainder when 48 is divided by 25.
23
Calculate the remainder when 2177 is divided by 33.
32
What is the remainder when 73 is divided by 64?
9
Calculate the remainder when 896 is divided by 55.
16
What is the remainder when 84 is divided by 79?
5
Calculate the remainder when 138 is divided by 22.
6
What is the remainder when 457 is divided by 149?
10
Calculate the remainder when 2343 is divided by 35.
33
What is the remainder when 2301 is divided by 767?
0
Calculate the remainder when 228 is divided by 39.
33
What is the remainder when 164 is divided by 83?
81
Calculate the remainder when 4138 is divided by 9.
7
What is the remainder when 63 is divided by 24?
15
Calculate the remainder when 767 is divided by 70.
67
Calculate the remainder when 4826 is divided by 10.
6
Calculate the remainder when 10257 is divided by 20.
17
What is the remainder when 117 is divided by 6?
3
Calculate the remainder when 120 is divided by 64.
56
Calculate the remainder when 12684 is divided by 27.
21
What is the remainder when 321 is divided by 27?
24
Calculate the remainder when 1191 is divided by 15.
6
What is the remainder when 899 is divided by 226?
221
Calculate the remaind